Let w(d) = -1109*d - 201. List the prime factors of w(-5).
2, 167
Let f = 59 - -131. Suppose 11*l - 6*l + f = 0. Let o = -27 - l. List the prime factors of o.
11
Let r(l) = 4346*l - 3698. List the prime factors of r(4).
2, 3, 2281
Suppose 5*z - 2212 = -3*y - 322, 3*z - 5*y - 1168 = 0. Let g = z - 49. List the prime factors of g.
2, 83
Suppose -6*d - 34 - 44 = 0. Let o = 15 + d. Let l(g) = 38*g**2 + 4*g - 3. List the prime factors of l(o).
157
Let k = 759 + -751. What are the prime factors of 119434/95 - (k/(-10) - -1)?
3, 419
Let n(b) = -17*b**2 - 49*b - 89. Let z(x) = 25*x**2 + 73*x + 133. Let k(d) = 7*n(d) + 5*z(d). List the prime factors of k(-7).
2, 7, 13
Let q(d) be the third derivative of 47*d**5/20 - d**4/6 + 4*d**3/3 - 2*d**2 - 1. What are the prime factors of q(2)?
2, 3, 47
Let y = 48291 + -26759. List the prime factors of y.
2, 7, 769
Let t(u) = -170*u + 5. Let o = -57 + 54. List the prime factors of t(o).
5, 103
Suppose 0 = r - 91 + 19. Let j = r + -49. Suppose b + 0 = j. List the prime factors of b.
23
Let u(j) = -426*j**3 + 15*j**2 + 54*j + 14. What are the prime factors of u(-4)?
2, 11, 17, 73
Let h(b) = -2*b**3 - 26*b**2 - b + 78. List the prime factors of h(-20).
2, 7, 11, 37
Let y(p) = p**3 + 17*p**2 - 18*p + 27. Let a be y(-18). Suppose -8*u + a = -5. What are the prime factors of (3 + (25 - u))*1?
2, 3
Suppose 0 = -2*z - 115*b + 112*b + 41364, 3*b = 4*z - 82692. List the prime factors of z.
2, 3, 1723
Let a(c) = -72*c + 18. Let i be a(-19). Suppose -i = -7*t + 8540. What are the prime factors of t?
2, 709
Let y(f) = -4574*f - 1556. What are the prime factors of y(-9)?
2, 5, 17, 233
Suppose -d - 3*d = 4*q + 272, 3*d = 2*q + 156. What are the prime factors of (2171 + -3)*(-18)/q?
2, 271
Let s(w) be the second derivative of -w**4/12 + w**3/6 + 5*w**2/2 + 22*w. Let v be s(-3). What are the prime factors of (-1)/v - (-1504)/7?
5, 43
Let q(o) = -3*o**2 + 35*o - 12. Let p(z) = -z**2 + 17*z - 6. Let k(x) = 5*p(x) - 2*q(x). Let s be k(-15). List the prime factors of (122/s)/((-7)/21).
61
Let l(m) = m**3 + 23*m**2 + 23*m + 24. Let i be l(-22). Let o be 5/(-15)*(i + 7) - -66. Let t = o - 59. What are the prime factors of t?
2
What are the prime factors of (-12 - -10)*4 + 1698?
2, 5, 13
Suppose -6*f + 8*f - 7134 = -5*w, 0 = 2*w - 5*f - 2871. What are the prime factors of w?
2, 3, 7, 17
Let h be (-9)/(-30)*14 + 3/(-15). Suppose -3*d - 261 = -h*x + 3*x, 4*x + 5*d - 1095 = 0. What are the prime factors of x?
2, 3, 5
Let o be (45 + -50)*4/(-10). Suppose 4*k + 0*k - 5202 = -2*i, -2*i = -o*k + 2616. What are the prime factors of k?
1303
Let i(v) be the first derivative of -9*v**4/4 + 5*v**2/2 + 5*v - 100. What are the prime factors of i(-3)?
233
Let o be -5*4/(-60)*33. Let s = o - -145. What are the prime factors of s?
2, 3, 13
Suppose -5*d = -165 - 0. Suppose 320 = -8*a + 16*a. Suppose -u + a = -d. What are the prime factors of u?
73
Suppose 4*i - 16 = l, -17 - 12 = -3*i + 5*l. Suppose -3*g + 125 = i*z - 352, 0 = -3*g - 4*z + 474. List the prime factors of g.
2, 3
Suppose -3*n = 4*l - 340, 0 = 4*l - 3*n - 61 - 255. Suppose 4*q - 2*q = l. Suppose -91 = -w + q. List the prime factors of w.
2, 3, 11
Let l(q) = -q**3 + 57*q**2 - 194*q + 105. What are the prime factors of l(32)?
3, 67, 97
Let q(h) = -2*h + 265. Let n be q(20). Suppose 5*z - n = -5*b, 0*z + 5*b - 141 = -3*z. List the prime factors of z.
2, 3, 7
Let k be (7 - (-38)/(-5)) + (-4294)/10. Let r = 964 + k. List the prime factors of r.
2, 3, 89
Let b = -17 + 19. Suppose -b*l - 11 + 1309 = 0. Suppose 0 = 12*u - 731 - l. List the prime factors of u.
5, 23
Suppose 23 - 16 = k. What are the prime factors of (0 + 19)/(k/154 - 0)?
2, 11, 19
Suppose 4079*t + 38325 = 4086*t. What are the prime factors of t?
3, 5, 73
Let q = 62906 - 35670. What are the prime factors of q?
2, 11, 619
Let n be -86*((-4 + 3 - 2) + 2). Let r = -73 + n. What are the prime factors of ((1 + 0)*-24)/((-2)/r)?
2, 3, 13
List the prime factors of (-10314)/3*((-17)/4 + (-255)/(-204)).
2, 3, 191
Let l = 36214 + -8636. List the prime factors of l.
2, 13789
Let w = -1 + 7. Let v be 2/(-5)*w*90/(-12). What are the prime factors of (v/(-4))/((-25)/(-30) - 1)?
3
Suppose -5*s = j + 105, -j + 51 = -3*s + 180. Suppose 2*u + u = 4*k + 712, 5*u - 1176 = 4*k. Let n = u + j. What are the prime factors of n?
2, 7
Suppose -60 = -0*s + 2*s. Let j = 33 + s. Suppose -4*k = 4*g - k - 139, -j = -3*k. What are the prime factors of g?
2, 17
Let s(r) = -r**3 + 4*r**2 + 5*r + 1. Let d be s(5). Let g be 33 + d + 0 - (-51)/(-17). Let u = -8 + g. What are the prime factors of u?
23
Let m = 13984 + -5645. What are the prime factors of m?
31, 269
Let x(h) = 3*h**3 - 10*h**2 - 6*h - 3. Let g be x(4). Suppose 0 = -3*j + 5*l + 403, 2*j + 9*l = g*l + 254. What are the prime factors of j?
131
Let n(u) = -49*u + 25859. Let a be n(0). Suppose -39*t + a = 7646. What are the prime factors of t?
467
Let j = 35 + -33. Suppose 4320 = 10*p + j*p. Suppose -2*w = -8, 4*z + 3*w - 4*w - p = 0. List the prime factors of z.
7, 13
Suppose 5*l = 2*l. Let h be l/(4*1/(-2)). Suppose 4*r - 14 - 58 = h. What are the prime factors of r?
2, 3
Let n(i) = 65*i**2 + 4*i + 51. Let g be n(-6). Let w = -798 + g. List the prime factors of w.
3, 523
Let h(c) = -4*c**2 + 13*c - 93. Let q(a) = -9*a**2 + 28*a - 187. Let m(u) = 7*h(u) - 4*q(u). List the prime factors of m(12).
997
Let q = 4273 - 4268. Let n = 25 - 18. Suppose y + u = 30, n*u - 3*u + 186 = q*y. List the prime factors of y.
2, 17
Suppose -o = -6*o + 3*g + 1844, -3*o = 2*g - 1114. Suppose 3*d - o = -r, -6*d + d = -5*r + 1910. List the prime factors of r.
379
Let n = -426 - -30. Let t = n - -795. List the prime factors of t.
3, 7, 19
Let k = -29 + 34. Suppose 5*c - k*r - 1935 = 0, -r = -5*c + r + 1938. List the prime factors of c.
2, 97
Let v(k) = 8*k**3 - 2*k + 1. Let a be v(1). Suppose -g + 761 = 2*o - a*o, -3*o - 2259 = -3*g. List the prime factors of g.
751
Suppose 16*k = 264139 + 82037. What are the prime factors of k?
2, 3, 601
Suppose -142*z - 4*p - 277252 = -146*z, 5*z - 2*p = 346574. List the prime factors of z.
2, 13, 31, 43
Let b = 7739 + -4239. Suppose -q + 559 = 4*k - 6423, b = 2*k + 5*q. List the prime factors of k.
5, 349
Suppose -12*u + 10*u = 5*t - 3769, 4*t - 5671 = -3*u. List the prime factors of u.
7, 271
Let p be -1 - (4/(-10) - (-130)/(-50)). Suppose -n = 3*f - 34, -p*f - 4*n + 27 = 1. Suppose -f*u - 334 = -13*u. List the prime factors of u.
167
Suppose -143*t + 73*t = -784420. What are the prime factors of t?
2, 13, 431
Let y be -7*(-2 + (0 - 5)). Let d = y + -41. Suppose -4*r - 46 = -2*s, -3*s - 163 = -d*s - 2*r. What are the prime factors of s?
31
Let g = 55 - 47. Suppose -4*u + g*u = 12. List the prime factors of 0 + 1004/16 + u/(-4).
2, 31
Let l = 43053 - -5130. List the prime factors of l.
3, 16061
Suppose -8 = -t - 4. Suppose -t*j - 3*j + 21 = 0. Suppose -y - j = -5. What are the prime factors of y?
2
Let a = 5 + -2. Let i(l) = -17*l**3 + 5*l**2 + 2*l - 8. Let d(w) = -20*w**3 + 6*w**2 + w - 9. Let x(o) = -6*d(o) + 7*i(o). What are the prime factors of x(a)?
2, 5
Let c(m) be the first derivative of 2/3*m**3 - 37*m + 16 + 11/2*m**2. What are the prime factors of c(-13)?
2, 79
Let u(b) = b**3 - 22*b**2 + 21*b + 25. Let k be u(21). Let s be (-5 - 955/k)*-25. Suppose x = -4*x + s. What are the prime factors of x?
2, 3
Suppose 3*q + 3*a = 30357, 9*a - 7*a = -q + 10122. What are the prime factors of q?
2, 3, 281
Let m(l) be the second derivative of -l**3 - 47*l**2/2 + 52*l. List the prime factors of m(-31).
139
Suppose -3*l - 3*o + 12 + 3 = 0, 3*o - 9 = 0. What are the prime factors of 0 + (212 - l - 3)?
3, 23
Suppose 8*a - 5207 = 5753. Suppose -11*g = -16*g - a. Let b = -150 - g. What are the prime factors of b?
2, 31
Let h = -27 + 31. Suppose o + h = 5. List the prime factors of -2*o/(-3)*(-774)/(-4).
3, 43
Let p = 4718 - 3224. What are the prime factors of p?
2, 3, 83
Let d(m) = -6 - 11 + 2236*m**3 + 13*m**2 - 2235*m**3 + 6*m. Suppose -3*v + 4*h = 16, 2*v + 0*v + 3*h = -39. What are the prime factors of d(v)?
5, 11
Let l(t) = -t**3 - 10*t**2 - 16*t - 24. Let q be l(-11). Let g be (q/(-6))/((-1)/(-2)). Let c = 84 - g. List the prime factors of c.
5, 7
Let d = 2395 - -1904. What are the prime factors 